{"id":11,"date":"2024-10-22T21:06:14","date_gmt":"2024-10-22T19:06:14","guid":{"rendered":"https:\/\/www.grezo.eu\/?page_id=11"},"modified":"2024-11-13T17:45:50","modified_gmt":"2024-11-13T16:45:50","slug":"este-som-to-nestihol","status":"publish","type":"page","link":"https:\/\/www.grezo.eu\/","title":{"rendered":""},"content":{"rendered":"\n<div class=\"wp-block-columns are-vertically-aligned-center is-layout-flex wp-container-core-columns-is-layout-28f84493 wp-block-columns-is-layout-flex\">\n<div class=\"wp-block-column is-layout-flow wp-block-column-is-layout-flow\" style=\"flex-basis:10%\" id=\"prvyStlpec\"><\/div>\n\n\n\n<div class=\"wp-block-column is-vertically-aligned-center is-layout-flow wp-block-column-is-layout-flow\" style=\"flex-basis:80%\">\n<figure class=\"wp-block-image size-full\"><img loading=\"lazy\" decoding=\"async\" width=\"640\" height=\"640\" src=\"https:\/\/www.grezo.eu\/wp-content\/uploads\/2024\/10\/unicorn.gif\" alt=\"\" class=\"wp-image-24\" style=\"object-fit:cover\"\/><\/figure>\n\n\n\n<h2 class=\"wp-block-heading\">Tu sa usilovne mak\u00e1<\/h2>\n\n\n\n<p>K\u00fdm tu pribudne nejak\u00fd obsah, mrkni na uchvastan\u00fd LinkedIn, kde okrem in\u00e9ho nudn\u00e9ho obsahu, n\u00e1jde\u0161 aj <a href=\"https:\/\/www.linkedin.com\/in\/michal-gre%C5%BEo-80436686\/\" data-type=\"link\" data-id=\"https:\/\/www.linkedin.com\/in\/michal-gre%C5%BEo-80436686\/\" target=\"_blank\" rel=\"noreferrer noopener\">moje Bio<\/a>. \ud83d\ude42 Alebo si po\u010fme rovno pokeca\u0165.<br><br><strong>Michal Gre\u017eo<\/strong><br>michal@grezo.eu<br>+421 904 97 94 97<\/p>\n\n\n\n<p>Design &amp; Marketing<\/p>\n<\/div>\n\n\n\n<div class=\"wp-block-column is-layout-flow wp-block-column-is-layout-flow\" style=\"flex-basis:10%\"><\/div>\n<\/div>\n\n\n\n<style>\n@media screen and (max-width: 768px) {\n\t#prvyStlpec\n\t {\n\t\tdisplay: none;\n\t}\n\n}\n<\/style>\n","protected":false},"excerpt":{"rendered":"<p>Tu sa usilovne mak\u00e1 K\u00fdm tu pribudne nejak\u00fd obsah, mrkni na uchvastan\u00fd LinkedIn, kde okrem in\u00e9ho nudn\u00e9ho obsahu, n\u00e1jde\u0161 aj moje Bio. \ud83d\ude42 Alebo si po\u010fme rovno pokeca\u0165. Michal Gre\u017eomichal@grezo.eu+421 904 97 94 97 Design &amp; Marketing<\/p>\n","protected":false},"author":1,"featured_media":0,"parent":0,"menu_order":0,"comment_status":"closed","ping_status":"closed","template":"robim-na-tom","meta":{"footnotes":""},"class_list":["post-11","page","type-page","status-publish","hentry"],"_links":{"self":[{"href":"https:\/\/www.grezo.eu\/index.php?rest_route=\/wp\/v2\/pages\/11","targetHints":{"allow":["GET"]}}],"collection":[{"href":"https:\/\/www.grezo.eu\/index.php?rest_route=\/wp\/v2\/pages"}],"about":[{"href":"https:\/\/www.grezo.eu\/index.php?rest_route=\/wp\/v2\/types\/page"}],"author":[{"embeddable":true,"href":"https:\/\/www.grezo.eu\/index.php?rest_route=\/wp\/v2\/users\/1"}],"replies":[{"embeddable":true,"href":"https:\/\/www.grezo.eu\/index.php?rest_route=%2Fwp%2Fv2%2Fcomments&post=11"}],"version-history":[{"count":27,"href":"https:\/\/www.grezo.eu\/index.php?rest_route=\/wp\/v2\/pages\/11\/revisions"}],"predecessor-version":[{"id":56,"href":"https:\/\/www.grezo.eu\/index.php?rest_route=\/wp\/v2\/pages\/11\/revisions\/56"}],"wp:attachment":[{"href":"https:\/\/www.grezo.eu\/index.php?rest_route=%2Fwp%2Fv2%2Fmedia&parent=11"}],"curies":[{"name":"wp","href":"https:\/\/api.w.org\/{rel}","templated":true}]}}